 be the second derivative of n**3/3 + n**2 + 4421*n. Determine l(-4).
-6
Let c(y) be the first derivative of y**3 + 5*y**2/2 + 4*y + 2. Let q = -110 + 130. Let d be q/(-8)*(-6)/(-5). What is c(d)?
16
Let y(f) = f**3 + 16*f**2 + f + 21. Let v be y(-16). Suppose 7*c - 117 = -v. Let p(d) = 24 - d - 7*d - 9 - c. Calculate p(-1).
7
Let y(d) be the third derivative of -d**6/360 - d**5/30 + d**4/12 - 37*d**3/2 - 3*d**2 + 22*d. Let l(s) be the first derivative of y(s). Give l(-6).
-10
Suppose 34 = o + 12. Let h be 4/22 + 40/o. Suppose 5*u - 12 = h*u. Let p(n) = 3*n - 2. Determine p(u).
10
Let n = -11 + 11. Let u(k) be the first derivative of 14*k + 1/3*k**3 - 1/2*k**2 + 16 + 1/4*k**4. Determine u(n).
14
Let l(b) = 3*b - 1. Let n(u) = 33*u - 3. Let t = -302 - -304. Let c(o) = t*l(o) - n(o). Give c(1).
-26
Suppose -c + 92 = 4*r - 94, -3*r - c = -140. Let n = -36 + r. Let z(x) = x - 5. Let d be z(n). Let g(o) = o - 11. Calculate g(d).
-6
Let b(g) = 3*g**2 + 4*g + 3. Suppose 4*o - 12 = 0, -15 = -t + o - 1. Suppose -r + 48 = -t*r. Give b(r).
18
Let l(x) = -38*x + 39. Let b(u) = 19*u - 43. Let y(h) = 3*b(h) + 2*l(h). Give y(-2).
-13
Let k(a) = 11 - 7 - 9 + a + a. Let s(f) = -f**3 - 6*f**2 + f - 7. Let i be s(-6). Let o = 19 + i. What is k(o)?
7
Let w(b) = 193*b - 6955. Let s be w(36). Let x(r) = r**3 + 6*r**2 - 13*r - 10. Give x(s).
32
Let c(s) = -2*s**2 + 43*s + 60. Suppose 37*n + 19*n = 1288. Calculate c(n).
-9
Let t(a) = a**2 - 2*a. Let r be t(0). Let j be r*(-6)/12*(-1)/2. Let p(x) = x**2 + x - 3. What is p(j)?
-3
Let u(x) = 3*x**2 + 2*x - 1. Let f = -8 + 18. Let r be (-7)/28 + f/8. Suppose -3*p + 2 = -h, 3*h + p + r - 5 = 0. Determine u(h).
4
Suppose 3*o - 2*i + 4 = 0, -3*o = -4*i + 8 + 6. Suppose 4*c = 5*j - 4*j + 11, 0 = o*j - c - 13. Let p(l) = -4*l - 3*l + l - 3 + j. Give p(4).
-18
Let g(y) = 46*y - 13*y + 68 - 10*y - 10*y - 15*y. What is g(4)?
60
Let u(v) = -v**3 + 10*v**2 - v. Let i be -4*(1 - 15/6 - -1). Suppose 13 + 7 = 2*p - i*y, -p + 10 = 2*y. Give u(p).
-10
Suppose -2*k = -4, -57*j - 3*k = -60*j + 15. Let a(o) = 34*o - 235. What is a(j)?
3
Let n(q) be the third derivative of -q**5/30 - 7*q**4/12 + 31*q**2 - 13*q + 2. Give n(-6).
12
Let q(d) = 169*d + 1015. Let f be q(-6). Let k(i) = -39*i + 3. Calculate k(f).
-36
Let o(h) be the first derivative of h**2 + 18*h + 3060. Suppose 2*k - 17 = 4*k + f, 3*f = -4*k - 33. Determine o(k).
0
Let h(m) = m**2 - m. Let j(s) = s**2 - 1. Let n(o) = -h(o) + 2*j(o). Let f be (246/205)/(37/(-40) - -1). Suppose -7*v = 12 + f. Calculate n(v).
10
Let c(o) = o**2 + 9*o + 8. Let h be -4*(5/20 + -1). Suppose 5*m - 2*f - 23 = 0, -m - 3*f + 14 = 6. Suppose 0 = -b + m, -5 + 1 = -h*x - 5*b. What is c(x)?
-6
Let p(k) = 18 - 60 - 4*k**3 + 23 + 4*k + 16 + 5*k**3 - 2*k**2. Determine p(3).
18
Suppose 2*p - 488 = -4*n, -87 = -2*n - 4*p + 169. Let s be 48/n*(-11 + (-3 - -4)). Let q(r) = -4*r - 6. Calculate q(s).
10
Let q(g) be the third derivative of -7*g + 1/24*g**4 + 14*g**2 + 0 + 1/60*g**5 - 1/2*g**3. Calculate q(-3).
3
Let u(z) be the first derivative of z**4/4 + 5*z**3/3 + 5*z**2/2 + 10*z - 1706. Calculate u(-4).
6
Suppose -f + h = 1, 3*f + 0*h - 3 = -3*h. Let z = 461 - 458. Let r(s) = -3 - 61*s**3 + s**2 - s + 123*s**z - 63*s**3. Determine r(f).
-3
Suppose 12 = 5*r - 2*n, n = -3*r + 2*r + 1. Let x(j) = -r*j + 0 + 3 - 6. Let l be 99452/(-29624) - (-5)/14. Determine x(l).
3
Let g(f) be the first derivative of 0*f**3 + 1/4*f**4 - 3/2*f**2 - 8 - 9*f - 1/20*f**5. Let h(u) be the first derivative of g(u). What is h(3)?
-3
Let g(l) = 16*l**3 - l**2 + l + 1. Let s(n) = -9*n**3 + n**2 - n. Let v(j) = -g(j) - 2*s(j). What is v(1)?
1
Let g(z) be the first derivative of z**4/4 - 7*z**3/3 + 11*z**2/2 + 5*z + 1389. What is g(4)?
1
Let y(l) = 2*l**2 - l**2 + 43 + 23126*l - 267 - 23116*l. What is y(-21)?
7
Suppose i = -2*d + 48, 0*d + 5*i = 4*d - 110. Suppose 3*n + d = 7*n + 3*r, -3*n - 2*r = -20. Let f(x) = 3*x - 9. Calculate f(n).
21
Let g(k) = -k + 13. Suppose 7*v + 19*v - 196 = 12*v. What is g(v)?
-1
Let j(o) be the third derivative of -o**7/2520 - o**6/90 + o**5/24 + 25*o**4/24 - 195*o**2. Let y(n) be the second derivative of j(n). Give y(-9).
-4
Let g(s) = 378*s + 1904. Let q be g(-5). Let a(b) = 2*b**3 - 29*b**2 + 15*b + 33. Determine a(q).
47
Let q be (-270)/405 + 32/(-6). Let n(p) = 3*p**2 + 6 - 2*p - 9*p**2 - p**3 + 4*p. Give n(q).
-6
Suppose -460*z + 224 = -476*z. Let q(f) = -f**2 - 16*f - 35. Give q(z).
-7
Suppose h - 2 = 3*x, 0 = 5*x + 40*h - 43*h + 10. Let c(v) = 30*v - 31. Let t be c(x). Let q(y) = -5*y. Calculate q(t).
5
Let s(y) = y + 7. Let h(v) = 16*v**2 - 30*v - 11. Let r(k) = -3*k**2 + 6*k + 2. Let m(p) = -2*h(p) - 11*r(p). Let f be m(3). Calculate s(f).
-2
Let l(j) = 102*j + 35. Let d be l(-3). Let b = 275 + d. Let r(q) = q**3 - 7*q**2 + 4*q. Calculate r(b).
-32
Let v(g) be the third derivative of g**5/60 - g**4/3 - 13*g**3/6 - g**2. Let l = -1515 + 1525. What is v(l)?
7
Let q(f) be the third derivative of -f**6/120 + f**5/60 + f**4/12 - f**3/2 - 5459*f**2. What is q(0)?
-3
Suppose 92 + 52 = 12*h. Let q(x) = -4*x**2 + 147*x**3 - 7*x**2 - 20*x + 18 + 7*x - 146*x**3. Calculate q(h).
6
Let g(b) = b**3 + 12*b**2 + b + 7. Let m be (-16)/(-12)*-3*-53. Suppose 25*y + m = -88. Calculate g(y).
-5
Suppose -2*r + 9 = 1. Let k(i) = -1508 + 15*i**3 + 756 + 0*i - 14*i**3 + 750 - 3*i**2 - 3*i. What is k(r)?
2
Suppose -4*r + 56 = -4*y, -3*r - 76 = 4*y - 2*r. Let u(j) = -2*j - 36. Let b be u(y). Let n(k) = 2*k - 3. Calculate n(b).
-3
Suppose 2*f + 0*f = -2*f. Suppose f = -q + 3*k, 0 = -6*k + k - 5. Let v(s) = s**2. Let p(t) = t**3 + 3*t**2 - 4*t + 1. Let x(d) = -p(d) + v(d). Determine x(q).
-4
Let r(l) be the second derivative of 13*l**3/3 - 60*l**2 + 3948*l. Determine r(4).
-16
Let k(n) = -5*n**3 + n**2 + 4*n - 1. Let j(o) = -4*o**3 + o**2 + 3*o. Let s(q) = 3*j(q) - 2*k(q). Suppose w + 4*a - 2 - 20 = 0, 5*w + 5*a = 35. Calculate s(w).
-8
Let d(v) = -v + 6. Let t be d(6). Suppose 0*h + 3*h = 4*k - 8, -4*k + 4*h + 8 = t. Let n(o) = -9*o + 6*o**k - 2 + 9*o + 0*o. Determine n(2).
22
Let h(f) = -f**3 + f**2 - f - 5. Let t = -7 + 7. Let u be h(t). Let k(r) be the second derivative of r**5/20 + r**4/2 - 2*r**2 + 2*r + 48. Give k(u).
21
Let b be 1*(0 + -2)/2. Let j(p) = 5*p - 3*p - 38 - 3*p - p - p + 34. Give j(b).
-1
Let n = 3012 + -3010. Let d(k) = -2*k + 6. Calculate d(n).
2
Let b(p) = -p**3 - 8*p**2 - 3*p - 9. Suppose -5*z = -0*z - 70. Suppose z + 0 = 7*n. Let g(y) = y**3 + 7*y**2 + 4*y + 8. Let d(x) = n*b(x) + 3*g(x). Give d(-4).
-2
Let c = -408 + 412. Let w be -3 - (0 - (-2 + 3)) - c. Let r(x) = 2*x**3 + 11*x**2 - 7*x. What is r(w)?
6
Let a(m) = -2*m + 13. Suppose -6*g - 809 = 775. Let o = 275 + g. Determine a(o).
-9
Let r = -120 - -137. Suppose 5*k - y + r - 1 = 0, -9 = 2*k - 3*y. Let p(c) = 0*c**3 - 3*c - 2*c**3 + 4 + c**3 - 4*c**2. Give p(k).
4
Let u(d) = -117*d - 4450. Let b be u(-38). Let m(t) = -t - 12. Calculate m(b).
-8
Let z(d) = d**3 + 2*d**2 - 10*d. Let w be 3/(30/(-4)) - -18*602/(-1935). Give z(w).
-84
Suppose 3*j - 6 = -0*j. Suppose -m - 13 = -3*s, -7 = -s - 2*m + j. Let n(u) = -s*u - 79 + 4*u + 80. Determine n(-3).
4
Suppose -4*q = -0*q + g + 33, -28 = 4*q - 4*g. Let o(n) = 2. Let l(y) = 2*y + 9. Let v(a) = l(a) + 5*o(a). Determine v(q).
3
Let q(r) = 8 + 20765*r + 20588*r - 41359*r. Suppose -3*d + 3*n = -12 + 3, -2*d - 5*n = -13. What is q(d)?
-16
Let v(i) be the second derivative of -i**4/6 + i**3/6 + i**2/2 + 880*i. Let m = -6 + 10. Give v(m).
-27
Suppose -7*y = 9*y - 20 - 92. Let g(b) = b**2 - 6*b - 3. Calculate g(y).
4
Suppose 25*r + 48 = 33*r. Let d(q) be the second derivative of -1/12*q**4 + 3/2*q**3 - 5/2*q**2 + 0 + 3*q. Determine d(r).
13
Let b(j) = 2*j**2 - j**3 - 64 - 6*j + 2*j + 66. Let m(t) = -t + 10. Let i be m(-5). Suppose -i*s + 13 = 2*d - 12*s, -15 = -5*s. Calculate b(d).
-6
Suppose 2*j + 5 = 3*j. Let z(w) = -1296111 - 1296108 + 2592214 - w. Determine z(j).
-10
Let x = -30627 + 30626. Let w(y) = 15*y**2 + 12*y - 1. What is w(x)?
2
Let c(t) = t - 14. Let k(i) = 5*i + 10. Let m be k(-1). Suppose -4*h + 9*h - w = 0, 0 = m*h - 2*w. What is c(h)?
-14
Let g(p) = 52*p**3 + 6*p**2 + 2*p + 9. Let t(j) = -58*j**3 - 7*j**2 - 3*j - 11. Let h(k) = 5*g(k) + 4*t(k). Calculate h(1).
29
Let s = 351 + -286. Suppose -